*t + 39561. Determine o(11).
-6
Let m(u) = 5*u**3 - 85*u**2 + 19*u - 339. Give m(17).
-16
Let a(z) = -3*z**2 + 51*z - 109. Calculate a(8).
107
Let v(q) = -37*q**2 - 16*q - 24. Calculate v(-2).
-140
Let b(f) = f**2 + 24*f + 175. What is b(-6)?
67
Let f(t) = -27*t**2 - 24*t + 3. What is f(-2)?
-57
Let k(g) = 43*g**2 + 33*g + 70. Calculate k(-2).
176
Let h(n) = n**3 - 6*n**2 + 25*n + 11. Determine h(5).
111
Let g(i) = 5*i**2 - 11*i - 12. Determine g(3).
0
Let w(v) = v**3 + 6*v**2 - 18*v - 11. Calculate w(-8).
5
Let c(w) = 24*w - 682. Determine c(28).
-10
Let q(z) = -314*z - 7816. Calculate q(-25).
34
Let f(d) = 228*d + 3645. Give f(-16).
-3
Let k(u) = -620*u - 4951. Determine k(-8).
9
Let n(r) = r**2 + 140*r - 1481. What is n(10)?
19
Let k(d) = 14*d - 544. Give k(46).
100
Let w(s) = -66*s + 1780. Determine w(25).
130
Let z(n) = -n**3 + 19*n**2 - 65*n + 8. What is z(8)?
192
Let a(u) = -3*u**2 + 4*u + 17. What is a(-5)?
-78
Let l(t) = t**3 + 4*t**2 - 38*t - 28. Calculate l(5).
7
Let k(m) = 8*m**2 + 1462*m - 342. Calculate k(-183).
24
Let f(b) = 5*b**2 + 67*b - 324. Determine f(5).
136
Let c(s) = s**2 - 14*s - 61. What is c(20)?
59
Let f(t) = -11*t - 168. Calculate f(-12).
-36
Let c(s) = 64*s - 32. What is c(5)?
288
Let y(i) = i**3 - 93*i**2 + 171*i + 977. Give y(91).
-24
Let h(b) = 2*b**2 - 70*b - 42. Calculate h(32).
-234
Let r(f) = -17*f**3 - 11*f**2 + 30*f - 16. What is r(3)?
-484
Let l(o) = -3*o**2 - 176*o + 10. Determine l(-59).
-49
Let u(z) = z**3 - 24*z**2 + 24*z - 20. Give u(23).
3
Let b(h) = -h**3 + 56*h**2 - 85*h - 1259. Give b(54).
-17
Let k(b) = b**3 - 154*b**2 + 442*b - 2. Give k(3).
-35
Let r(a) = a**3 + 10*a**2 - 77*a - 33. What is r(-15)?
-3
Let u(x) = x**3 + 46*x**2 - 207*x - 271. Determine u(-50).
79
Let x(r) = -30*r**2 - 117*r + 1. Calculate x(-3).
82
Let c(l) = 4*l**3 + 52*l**2 - 12*l - 163. Calculate c(-13).
-7
Let t(s) = 3*s - 268. Determine t(40).
-148
Let v(x) = -68*x - 251. Determine v(-4).
21
Let c(f) = -3*f**3 - 23*f**2 - 20*f + 14. What is c(-7)?
56
Let u(j) = -595*j**2 + 9519*j + 17. What is u(16)?
1
Let k(o) = -56*o - 570. Give k(-10).
-10
Let f(n) = -6*n**2 + 53*n + 105. Determine f(-2).
-25
Let s(b) = b**3 - 44*b**2 + 87*b - 23. What is s(42)?
103
Let b(z) = -z**2 + 20*z + 23. What is b(15)?
98
Let y(r) = 9*r**2 - 106*r + 40. What is y(11)?
-37
Let w(x) = 13*x**2 + 867*x - 867. What is w(1)?
13
Let a(y) = 32*y + 31. Calculate a(-6).
-161
Let q(c) = c**2 - 31*c + 57. Calculate q(29).
-1
Let u(l) = -5*l**2 + 78*l - 38. Calculate u(14).
74
Let z(c) = -2*c**3 - 64*c**2 - 22*c - 710. What is z(-32)?
-6
Let w(b) = 1653*b + 16523. What is w(-10)?
-7
Let b(p) = p**3 - 26*p**2 - 328*p + 456. Determine b(35).
1
Let l(g) = g**2 - 495*g + 60251. What is l(216)?
-13
Let p(h) = 49*h + 1122. Determine p(-22).
44
Let f(p) = p**3 - 14*p**2 + 12*p + 20. Calculate f(12).
-124
Let n(l) = -8*l**2 - 646*l - 1098. What is n(-79)?
8
Let v(q) = 48*q - 38. Calculate v(-3).
-182
Let r(u) = -u**3 - 11*u**2 - 21*u - 41. Calculate r(-11).
190
Let k(u) = -34*u - 609. Determine k(-18).
3
Let n(i) = i**3 + 15*i**2 - 26*i + 39. What is n(-16)?
199
Let j(z) = -17*z**2 - 319*z + 73. Determine j(-19).
-3
Let f(g) = -27*g - 617. Calculate f(-27).
112
Let c(t) = -t**3 + 28*t**2 - 146*t - 47. Determine c(21).
-26
Let w(l) = 157*l + 3072. Give w(-18).
246
Let p(k) = 9*k**3 + 115*k**2 - 46*k - 285. What is p(-13)?
-25
Let f(c) = -c - 54. What is f(-6)?
-48
Let n(a) = -a**3 + 16*a**2 + 9*a - 10. Determine n(17).
-146
Let k(c) = -22*c - 1288. Determine k(-58).
-12
Let y(a) = a**3 - 6*a**2 - 9*a + 17. Determine y(8).
73
Let g(y) = -y**3 + 27*y**2 + 24*y + 113. Calculate g(28).
1
Let y(z) = z**2 + 846*z - 5108. Calculate y(6).
4
Let x(z) = -9*z + 219. Determine x(22).
21
Let s(o) = -1186*o - 16608. Calculate s(-14).
-4
Let t(x) = -11*x**2 + 5*x + 4. Give t(3).
-80
Let z(l) = l**3 + 35*l**2 + 66*l - 59. Determine z(-33).
-59
Let i(w) = -3*w**2 + 29*w + 8. Give i(9).
26
Let q(p) = -p**3 + 25*p**2 - 31*p + 178. Determine q(24).
10
Let u(v) = -3*v**3 - 7*v**2 - 47*v - 136. Calculate u(-3).
23
Let d(c) = 457*c - 1889. What is d(4)?
-61
Let a(b) = 211*b - 2530. Determine a(12).
2
Let b(x) = 10*x - 362. Calculate b(11).
-252
Let f(h) = -342*h**2 + 7182*h + 27. Give f(21).
27
Let l(o) = -2*o**3 - 14*o**2 - 14*o - 11. Calculate l(-5).
-41
Let w(r) = -99*r + 1179. What is w(12)?
-9
Let f(y) = -y**3 + 10*y**2 - 40*y + 26. Give f(5).
-49
Let a(m) = 302*m - 1438. Determine a(4).
-230
Let f(l) = -250*l + 1753. Calculate f(7).
3
Let d(v) = -1051*v - 4010. Give d(-4).
194
Let f(g) = 47*g + 137. What is f(-2)?
43
Let q(d) = 8*d - 508. What is q(47)?
-132
Let f(u) = 2*u**2 + 51*u - 355. Calculate f(7).
100
Let g(x) = 2*x**3 - 61*x**2 + 185*x + 118. Give g(27).
10
Let b(v) = -5*v**2 + 97*v - 68. Calculate b(18).
58
Let r(y) = 2*y**3 - 2*y**2 - 19*y + 46. What is r(3)?
25
Let v(o) = 16*o**3 + o**2 - 34*o + 71. Determine v(2).
135
Let k(o) = -3*o**2 - 153*o + 636. What is k(4)?
-24
Let v(q) = -q**3 - 17*q**2 + 8*q + 144. Calculate v(-17).
8
Let u(f) = -250*f - 4990. Determine u(-20).
10
Let k(x) = -7*x - 334. What is k(-47)?
-5
Let z(u) = u**2 + 219*u + 3609. Calculate z(-18).
-9
Let t(z) = z**3 - 581*z**2 - 2923*z + 29. What is t(-5)?
-6
Let d(g) = 25*g - 1004. What is d(33)?
-179
Let p(i) = 2*i**3 - 39*i**2 + 93*i - 1429. Determine p(19).
-23
Let m(q) = -q**3 - 18*q**2 - 7*q + 118. What is m(4)?
-262
Let l(g) = 16*g**2 + 19*g + 84. Determine l(-4).
264
Let l(x) = -5*x**2 - 55*x - 90. Calculate l(-9).
0
Let p(q) = -188*q - 1185. Determine p(-5).
-245
Let c(s) = -2*s**2 - 125*s + 317. Determine c(-65).
-8
Let k(j) = -15*j**2 + 2867*j - 394. Calculate k(191).
-12
Let r(k) = -152*k + 1503. What is r(10)?
-17
Let c(r) = 14*r + 297. What is c(-25)?
-53
Let a(c) = c + 7. Give a(-7).
0
Let n(y) = -21*y + 1000. Calculate n(48).
-8
Let b(m) = 380*m + 69922. Give b(-184).
2
Let k(h) = 2361*h - 73198. Determine k(31).
-7
Let a(n) = -50*n + 339. What is a(6)?
39
Let l(c) = 2*c**3 + 21*c**2 + 37*c - 47. Determine l(-6).
55
Let f(w) = -636*w + 24790. Give f(39).
-14
Let v(n) = -n**3 + 17*n**2 - 18*n - 1. Determine v(16).
-33
Let q(p) = -4*p**2 - 94*p - 151. Give q(-27).
-529
Let w(x) = -105*x - 107. Determine w(-9).
838
Let v(s) = -s**3 + 30*s**2 - 37*s + 2. Determine v(29).
-230
Let q(n) = 128*n - 2845. Give q(22).
-29
Let k(s) = s**2 + 6*s + 9. Give k(-3).
0
Let m(j) = 227*j - 19728. Calculate m(87).
21
Let k(y) = -265*y + 623. Determine k(3).
-172
Let j(c) = 40*c + 814. Give j(-27).
-266
Let z(q) = -24*q - 67. Determine z(6).
-211
Let i(f) = -165*f + 5412. Determine i(33).
-33
Let f(y) = 18*y**3 + 7*y**2 - 6*y - 11. Give f(2).
149
Let c(h) = 22*h + 37. Determine c(0).
37
Let z(a) = 30*a - 321. What is z(16)?
159
Let c(x) = -6*x**2 - 135*x - 7. Give c(-18).
479
Let d(b) = -b**3 - 17*b**2 - 109*b - 2285. Calculate d(-18).
1
Let z(s) = 15*s + 59. Calculate z(6).
149
Let l(v) = -v**3 - 45*v**2 - 267*v + 51. Determine l(-38).
89
Let g(x) = -3*x**2 - 94*x - 40. Give g(-37).
-669
Let y(i) = 2653*i + 2. What is y(0)?
2
Let k(l) = l**3 - 128*l**2 + 1697*l + 3. What is k(15)?
33
Let i(u) = -2*u**3 - 13*u**2 + 13*u + 105. Determine i(-9).
393
Let u(z) = -10286*z + 236582. Calculate u(23).
4
Let s(i) = i**3 - 295*i**2 + 1452*i - 597. Calculate s(290).
-17
Let c(y) = -y**3 - 13*y**2 - 33*y - 7. What is c(-8)?
-63
Let n(g) = g**2 - 37*g - 437. What is n(46)?
-23
Let w(v) = 656*v + 2637. Determine w(-4).
13
Let w(y) = -38*y + 4937. Calculate w(130).
-3
Let b(n) = -14*n - 815. Give b(-58).
-3
Let c(k) = -9*k - 92. What is c(-12)?
16
Let j(v) = -v**3 - 468*v**2 - 949*v - 7933. Determine j(-466).
-11
Let a(o) = -2*o**3 - 14*o**2 - 10*o - 41. Give a(-7).
29
Let o(r) = 47*r + 1032. Determine o(-22).
-2
Let k(l) = -227*l**3 - 2*l**2 + 9*l + 10. Determine k(-1).
226
Let w(k) = 7*k**2 - k - 82. Calculate w(4).
26
Let j(b) = 5*b**2 + 23*b + 17. What is j(-6)?
59
Let m(x) = x**3 - 2*x**2 - 2*x - 58. What is m(0)?
-58
Let u(n) = 303*n + 370. What is u(1)?
673
Let n(c) = -c**2 + 973*c - 31933. Determine n(34).
-7
Let k(y) = y**3 + 71*y**2 + 145*y + 485. Determine k(-69).
2
Let g(i) = 2*i**2 - 51*i - 23. What is g(25)?
-48
Let s(c) = c**2 - 44*c - 67. Give s(45).
-22
Let a(g) = g**2 + 80*g + 1504. Calculate a(-34).